t is 67 - 0?
67
In base 3, what is 22020 - 22?
21221
In base 9, what is 2215 - 4?
2211
In base 5, what is -1304143 + -10?
-1304203
In base 12, what is 887 + 0?
887
In base 12, what is -5 + -143?
-148
In base 5, what is 302 + -41?
211
In base 10, what is 29 - -4?
33
In base 13, what is -1c + 66?
47
In base 5, what is -1 - 22240?
-22241
In base 5, what is 0 - -13?
13
In base 7, what is 115 + 343?
461
In base 14, what is -3 + -59?
-5c
In base 15, what is -44d - -3?
-44a
In base 16, what is 5 + -4b7?
-4b2
In base 12, what is -160 - 12?
-172
In base 2, what is 101011 + 1100?
110111
In base 3, what is -220011002 + 2?
-220011000
In base 13, what is -23 - -1ba?
197
In base 9, what is -1 + 131?
130
In base 11, what is 45 - 1?
44
In base 2, what is -1000001 - -1100000?
11111
In base 3, what is -11 + -210?
-221
In base 3, what is 12 - 1012?
-1000
In base 9, what is -13 + -57?
-71
In base 5, what is 4321 - 1?
4320
In base 15, what is 2 + 34?
36
In base 12, what is -3 + 1513?
1510
In base 14, what is -49c - 2?
-4a0
In base 8, what is -627 + -14?
-643
In base 3, what is -12 + -1120?
-1202
In base 2, what is 1110101111 + 11?
1110110010
In base 6, what is -55015 + -3?
-55022
In base 16, what is 27 - 10?
17
In base 11, what is 1 - 271?
-270
In base 9, what is 10 + 1254?
1264
In base 15, what is 17c - -6?
183
In base 10, what is 6 - -2?
8
In base 13, what is -1 - -17?
16
In base 13, what is -3 + 80?
7a
In base 4, what is 3 - -1030200?
1030203
In base 9, what is 1 - -27?
28
In base 4, what is 21233 - 3?
21230
In base 7, what is -1 - -54?
53
In base 16, what is -1 + -1f0?
-1f1
In base 7, what is -565 + -1?
-566
In base 2, what is -101011000 + 111?
-101010001
In base 12, what is 3 - 3?
0
In base 8, what is -34 + -1265?
-1321
In base 16, what is -71 - -2?
-6f
In base 16, what is 270 + -21?
24f
In base 13, what is -a86 + 6?
-a80
In base 9, what is 208 + -2?
206
In base 8, what is 27 - -4?
33
In base 9, what is 47 + 73?
131
In base 7, what is -6 - -651?
642
In base 6, what is -42 - 15?
-101
In base 5, what is -120 + 4?
-111
In base 15, what is 44 - 27?
1c
In base 13, what is 1286 - -4?
128a
In base 3, what is -12 - -101?
12
In base 5, what is 2 - -1332?
1334
In base 2, what is -10010 + -10100?
-100110
In base 4, what is -1133033 - -1?
-1133032
In base 15, what is 9d3 + 3?
9d6
In base 15, what is c86 + -3?
c83
In base 7, what is -220 - 13?
-233
In base 4, what is -11 + -1321?
-1332
In base 12, what is -59b - -1?
-59a
In base 7, what is 3 + -4000?
-3664
In base 15, what is 7 + 1?
8
In base 5, what is -11 + -303?
-314
In base 8, what is 3 + 7314?
7317
In base 5, what is 111343 + -3?
111340
In base 10, what is -379 - 11?
-390
In base 13, what is -c - 175?
-184
In base 11, what is 1a9 - 5?
1a4
In base 2, what is 10001001 - 0?
10001001
In base 14, what is -13 + -d4?
-107
In base 16, what is 1b + 18?
33
In base 15, what is d8 + -2?
d6
In base 2, what is 0 - 10000?
-10000
In base 5, what is -4 + -41?
-100
In base 14, what is 3 - -98?
9b
In base 7, what is -4 - -2110?
2103
In base 13, what is 1 + -acc?
-acb
In base 7, what is -121 - -40?
-51
In base 6, what is -1331 + -5?
-1340
In base 13, what is 6 + -56?
-50
In base 10, what is 1 - -37?
38
In base 11, what is 1560 - 1?
155a
In base 13, what is 18 + -225?
-20a
In base 13, what is -6 + 155?
14c
In base 2, what is 101 - -1111001110?
1111010011
In base 10, what is -54 + -5?
-59
In base 9, what is 4 - 5?
-1
In base 12, what is -2 + -131?
-133
In base 3, what is -220001112 - 2?
-220001121
In base 7, what is -501 - 5?
-506
In base 2, what is 101000011 + 1100?
101001111
In base 4, what is 0 + 10133?
10133
In base 15, what is -30 + -3d?
-6d
In base 2, what is -110011110011 + 10?
-110011110001
In base 14, what is b - 1a?
-d
In base 8, what is -22 + -23?
-45
In base 8, what is -17 + 105?
66
In base 3, what is -20000 - 110?
-20110
In base 10, what is 10 + -14?
-4
In base 3, what is 102 + -1?
101
In base 2, what is 11000011010111 + -11?
11000011010100
In base 2, what is -101 - 110111?
-111100
In base 16, what is -e - 24?
-32
In base 3, what is -120 - 1202112?
-1210002
In base 2, what is 0 - -110000?
110000
In base 4, what is 30 + 1021?
1111
In base 4, what is 2 + 100303?
100311
In base 5, what is -3 - 312?
-320
In base 15, what is -1c1 + 5?
-1bb
In base 10, what is 14294 - 2?
14292
In base 7, what is -43626 - 2?
-43631
In base 14, what is 2d36 - -4?
2d3a
In base 10, what is 648 + -4?
644
In base 11, what is 177a - -2?
1781
In base 5, what is -2 + 420?
413
In base 7, what is 210 - 5?
202
In base 9, what is -5 + -6430?
-6435
In base 2, what is -100 + -111010?
-111110
In base 10, what is -2 + 570?
568
In base 16, what is 125 - e?
117
In base 2, what is 10 - -1100010000?
1100010010
In base 16, what is 3 - 21?
-1e
In base 10, what is 23 + 44?
67
In base 5, what is -3220 + -34?
-3304
In base 5, what is -10 - -322?
312
In base 6, what is 30 - -350?
420
In base 14, what is -16 - -64?
4c
In base 2, what is 1110011 + 100100011?
110010110
In base 10, what is -23 + -3?
-26
In base 6, what is 4 + 3?
11
In base 4, what is 1113 + -30?
1023
In base 15, what is 38 + 3d?
76
In base 13, what is 33 + -2?
31
In base 2, what is -1011010010 + 0?
-1011010010
In base 13, what is 16 - -32?
48
In base 8, what is 67 + -357?
-270
In base 6, what is 1201 + -4?
1153
In base 12, what is 114 - -2?
116
In base 7, what is -62 + -4?
-66
In base 10, what is -9 + -1?
-10
In base 11, what is a1 - 27?
75
In base 2, what is -101000 - 0?
-101000
In base 3, what is -12 + 11000?
10211
In base 14, what is -427 - 6?
-42d
In base 9, what is -2 - 2758?
-2761
In base 10, what is 13 + -332?
-319
In base 12, what is 21 - 4?
19
In base 13, what is a + -8?
2
In base 10, what is -4931 + 3?
-4928
In base 8, what is -104 - 4?
-110
In base 7, what is 3331 + -1?
3330
In base 13, what is 378b + 1?
378c
In base 3, what is -2 + -220?
-222
In base 5, what is -1 + -1033?
-1034
In base 15, what is 10 - -4?
14
In base 5, what is 2 - 204?
-202
In base 5, what is 122 - -21?
143
In base 11, what is -8 + 534?
527
In base 12, what is 2 - -271?
273
In base 3, what is 10002 + -12?
2220
In base 13, what is -71 - -2?
-6c
In base 14, what is 110 - 77?
77
In base 12, what is 0 - 66?
-66
In base 15, what is -15 + 9e?
89
In base 9, what is 5 + -1001?
-885
In base 11, what is -850 + 5?
-846
In base 14, what is -60 + -1b?
-7b
In base 7, what is -3050 - 4?
-3054
In base 12, what is 5 + 26b?
274
In base 16, what is 24 + -151?
-12d
In base 2, what is 11 - 100110?
-100011
In base 2, what is -10 - -1001100100110?
1001100100100
In base 6, what is -3 - -1445?
1442
In base 9, what is 2025 + 0?
2025
In base 7, what is 36 + 1601?
1640
In base 11, what is -197 + 7?
-190
In base 14, what is -1633 + 5?
-162c
In base 2, what is -10100 + 10?
-10010
In base 11, what is 5 - -1177?
1181
In base 5, what is -3 + -101?
-104
In base 11, what is -1371 - -2?
-136a
In base 9, what is 4 + -104?
-100
In base 13, what is aa2 + 0?
aa2
In base 16, what is f4 - -12?
106
In base 4, what is 3 + 32030?
32033
In base 9, what is -8 + 1158?
1150
In base 12, what is -4b7 + -1?
-4b8
In base 3, what is -2 - -12100?
12021
In base 16, what is 5 - 1f?
-1a
In base 5, what is 11 + 21?
32
In base 12, what is -a - -a9?
9b
In base 2, what is 1010011001111 - 10?
1010011001101
In base 9, what is -586 - -2?
-584
In base 10, what is 86 + -37?
49
In base 12, what is -b20 - 4?
-b24
In base 16, what is 25 + 9?
2e
In base 13, what is 4 - 265?
-261
In base 5, what is 114003 + -2?
114001
In base 4, what is -111 + 0?
-111
In base 9, what is -4 + -431?
-435
In base 10, what is 151 + -4?
147
In base 6, what is 3 + -31?
-24
In base 11, what is -5 + 3a37?
3a32
In base 14, what is 10cc - 5?
10c7
In base 5, what is -34021 - -4?
-34012
In base 5, what is -3 + 43?
40
In base 11, what is -989 + -1?
-98a
In base 9, what is 25 - -17?
43
In base 5, what is 1 + 333?
334
In base 5, what is 2 - -10?
12
In base 10, what is 4 + 1403?
1407
In base 13, what is 2282 + -3?
227c
In base 3, what is -1 - -21220111?
21220110
In base 9, what is -11584 + 2?
-11582
In base 15, what is 12c + -3c?
e0
In base 5, what is -4122 + -3?
-4130
In base 5, what is -14110 + -4?
-14114
In base 8, what is 65 + 1?
66
In base 3, what is 212 - -200?
1112
In base 2, what is -1000 + -100111?
-101111
In base 8, wha